{"id":103,"date":"2016-09-13T08:23:34","date_gmt":"2016-09-13T08:23:34","guid":{"rendered":"http:\/\/wordpress.endoprothetik-bielefeld.com\/?page_id=103"},"modified":"2022-12-28T10:39:45","modified_gmt":"2022-12-28T09:39:45","slug":"kontakt","status":"publish","type":"page","link":"https:\/\/bielefeld-gegen-krebs.de\/?page_id=103","title":{"rendered":"Kontakt"},"content":{"rendered":"\n<p>F\u00fcr\u00a0die Aufkl\u00e4rungskampagne BIELEFELD GEGEN KREBS haben sich die drei Bielefelder Krankenh\u00e4user und die Selbsthilfe-Kontaktstelle zusammengeschlossen. Bitte klicken Sie f\u00fcr weitere Kontaktinformationen:<\/p>\n\n\n\n<p><\/p>\n\n\n<div class=\"wp-block-image\">\n<figure class=\"alignleft\"><a href=\"https:\/\/evkb.de\" target=\"_blank\" rel=\"noopener\"><img decoding=\"async\" src=\"http:\/\/bielefeld-gegen-krebs.de\/wp-content\/uploads\/2017\/03\/klinikumbethel_logo_01.jpg\" alt=\"evkb_logo_01\" class=\"wp-image-24\"\/><\/a><\/figure>\n<\/div>\n\n<div class=\"wp-block-image\">\n<figure class=\"alignleft\"><a href=\"http:\/\/www.klinikumbielefeld.de\" target=\"_blank\" rel=\"noopener\"><img loading=\"lazy\" decoding=\"async\" width=\"293\" height=\"115\" src=\"http:\/\/bielefeld-gegen-krebs.de\/wp-content\/uploads\/2016\/09\/klinikum_logo.jpg\" alt=\"klinikum_logo\" class=\"wp-image-25\"\/><\/a><\/figure>\n<\/div>\n\n\n<p><br>Direkt zum:<br><a rel=\"noopener\" href=\"https:\/\/evkb.de\/onkologisches-zentrum\" target=\"_blank\">Onkologischen Zentrum am<br>Evangelischen Klinikum Bethel<\/a><\/p>\n\n\n\n<p><br><br>Direkt zur:<br><a rel=\"noopener\" href=\"https:\/\/www.klinikumbielefeld.de\/klinik-fuer-haematologie-onkologie-palliativmedizin-und-stammzelltherapie.html\" target=\"_blank\">Klinik f\u00fcr H\u00e4matologie, Onkologie und Palliativmedizin und Stammzelltherapie im Klinikum Bielefeld<\/a><\/p>\n\n\n<div class=\"wp-block-image\">\n<figure class=\"alignleft\"><a href=\"http:\/\/www.franziskus.de\" target=\"_blank\" rel=\"noopener\"><img loading=\"lazy\" decoding=\"async\" width=\"293\" height=\"115\" src=\"http:\/\/bielefeld-gegen-krebs.de\/wp-content\/uploads\/2016\/10\/logo_franziskus_02.jpg\" alt=\"\" class=\"wp-image-139\"\/><\/a><\/figure>\n<\/div>\n\n<div class=\"wp-block-image\">\n<figure class=\"alignleft\"><a href=\"http:\/\/www.selbsthilfe-bielefeld.de\" target=\"_blank\" rel=\"noopener\"><img loading=\"lazy\" decoding=\"async\" width=\"293\" height=\"115\" src=\"http:\/\/bielefeld-gegen-krebs.de\/wp-content\/uploads\/2016\/09\/logo_selbsthilfe_kontaktstelle_01.jpg\" alt=\"logo_selbsthilfe_kontaktstelle_01\" class=\"wp-image-27\"\/><\/a><\/figure>\n<\/div>\n\n\n<p><br>Direkt zur:<br><a rel=\"noopener\" href=\"https:\/\/www.franziskus.de\/de\/pflege-aerzte\/kliniken-abteilungen\/klinik-fuer-haematologie-onkologie-und-immunologie\" target=\"_blank\">Klinik f\u00fcr H\u00e4matologie, Onkologie und Immunologie im Franziskus Hospital Bielefeld<\/a><\/p>\n\n\n\n<p><br>Direkt zu:<br><a rel=\"noopener\" href=\"http:\/\/www.selbsthilfe-bielefeld.de\/content\/e616\/\" target=\"_blank\">Selbsthilfegruppen in Bielefeld<\/a><\/p>\n","protected":false},"excerpt":{"rendered":"<p>F\u00fcr\u00a0die Aufkl\u00e4rungskampagne BIELEFELD GEGEN KREBS haben sich die drei Bielefelder Krankenh\u00e4user und die Selbsthilfe-Kontaktstelle zusammengeschlossen. Bitte klicken Sie f\u00fcr weitere Kontaktinformationen: Direkt zum:Onkologischen Zentrum amEvangelischen Klinikum Bethel Direkt zur:Klinik f\u00fcr H\u00e4matologie, Onkologie und Palliativmedizin und Stammzelltherapie im Klinikum Bielefeld Direkt &hellip; <a href=\"https:\/\/bielefeld-gegen-krebs.de\/?page_id=103\">Weiterlesen <span class=\"meta-nav\">&rarr;<\/span><\/a><\/p>\n","protected":false},"author":1,"featured_media":0,"parent":68,"menu_order":0,"comment_status":"closed","ping_status":"closed","template":"","meta":{"footnotes":""},"class_list":["post-103","page","type-page","status-publish","hentry"],"_links":{"self":[{"href":"https:\/\/bielefeld-gegen-krebs.de\/index.php?rest_route=\/wp\/v2\/pages\/103","targetHints":{"allow":["GET"]}}],"collection":[{"href":"https:\/\/bielefeld-gegen-krebs.de\/index.php?rest_route=\/wp\/v2\/pages"}],"about":[{"href":"https:\/\/bielefeld-gegen-krebs.de\/index.php?rest_route=\/wp\/v2\/types\/page"}],"author":[{"embeddable":true,"href":"https:\/\/bielefeld-gegen-krebs.de\/index.php?rest_route=\/wp\/v2\/users\/1"}],"replies":[{"embeddable":true,"href":"https:\/\/bielefeld-gegen-krebs.de\/index.php?rest_route=%2Fwp%2Fv2%2Fcomments&post=103"}],"version-history":[{"count":29,"href":"https:\/\/bielefeld-gegen-krebs.de\/index.php?rest_route=\/wp\/v2\/pages\/103\/revisions"}],"predecessor-version":[{"id":258,"href":"https:\/\/bielefeld-gegen-krebs.de\/index.php?rest_route=\/wp\/v2\/pages\/103\/revisions\/258"}],"up":[{"embeddable":true,"href":"https:\/\/bielefeld-gegen-krebs.de\/index.php?rest_route=\/wp\/v2\/pages\/68"}],"wp:attachment":[{"href":"https:\/\/bielefeld-gegen-krebs.de\/index.php?rest_route=%2Fwp%2Fv2%2Fmedia&parent=103"}],"curies":[{"name":"wp","href":"https:\/\/api.w.org\/{rel}","templated":true}]}}